ue
Is 5650984 a multiple of 50?
False
Does 7 divide 1156477?
True
Does 16 divide 1796912?
True
Is 1748024 a multiple of 94?
True
Does 307 divide 3307618?
True
Does 29 divide 457794?
True
Does 133 divide 201519?
False
Is 3219440 a multiple of 40?
True
Does 76 divide 404928?
True
Is 29971 a multiple of 43?
True
Is 106996 a multiple of 84?
False
Does 330 divide 22170?
False
Is 5 a factor of 427725?
True
Does 29 divide 865302?
True
Is 3 a factor of 1434054?
True
Is 3968 a multiple of 11?
False
Is 2 a factor of 76483?
False
Does 894 divide 3134364?
True
Is 683770 a multiple of 10?
True
Is 1177513 a multiple of 2?
False
Is 646677 a multiple of 293?
False
Is 467 a factor of 3016820?
True
Is 8 a factor of 314260?
False
Does 21 divide 159831?
True
Is 155948 a multiple of 13?
True
Is 1956820 a multiple of 42?
False
Is 2172140 a multiple of 488?
False
Is 24 a factor of 821087?
False
Does 200 divide 8407400?
True
Does 73 divide 2288331?
True
Is 7 a factor of 173429?
False
Does 1161 divide 3493449?
True
Is 21901 a multiple of 11?
True
Is 1122944 a multiple of 59?
False
Is 437 a factor of 8008462?
True
Is 96 a factor of 1891923?
False
Is 32 a factor of 666049?
False
Does 10 divide 51020?
True
Is 60 a factor of 387660?
True
Is 12 a factor of 2373318?
False
Is 3220950 a multiple of 15?
True
Is 728146 a multiple of 9?
False
Does 6 divide 19991?
False
Does 239 divide 310700?
True
Is 266279 a multiple of 13?
True
Is 4013862 a multiple of 36?
False
Is 107098 a multiple of 24?
False
Is 3327220 a multiple of 11?
False
Is 165990 a multiple of 80?
False
Is 227700 a multiple of 225?
True
Does 89 divide 544074?
False
Does 8 divide 17460?
False
Does 893 divide 1181439?
True
Is 3426728 a multiple of 52?
False
Is 262273 even?
False
Is 342268 a multiple of 82?
True
Does 73 divide 92126?
True
Is 17344803 a multiple of 21?
True
Is 293840 a multiple of 16?
True
Is 3617031 a multiple of 473?
True
Does 40 divide 220783?
False
Is 50 a factor of 12230?
False
Does 187 divide 1604806?
False
Is 16 a factor of 827712?
True
Is 714871 a multiple of 79?
True
Is 47 a factor of 250228?
True
Is 58581 a multiple of 69?
True
Is 6989826 a multiple of 690?
False
Does 24 divide 418008?
True
Is 67 a factor of 36990?
False
Is 13694 a multiple of 2?
True
Is 27 a factor of 490619?
False
Is 45427 a multiple of 601?
False
Is 273222 a multiple of 310?
False
Is 125384 a multiple of 15?
False
Does 14 divide 376920?
False
Does 30 divide 59910?
True
Does 13 divide 1850677?
False
Is 1192671 a multiple of 27?
True
Does 118 divide 1471578?
True
Does 39 divide 4309510?
False
Does 92 divide 15712?
False
Is 1556 a factor of 3702535?
False
Is 23934066 a multiple of 26?
True
Is 405 a factor of 1418715?
True
Is 6 a factor of 1419?
False
Is 50 a factor of 780447?
False
Is 269014 a multiple of 9?
False
Does 22 divide 1151538?
False
Does 50 divide 1112400?
True
Is 227 a factor of 401490?
False
Does 270 divide 61874?
False
Is 166310 a multiple of 9?
False
Is 381099 a multiple of 43?
False
Does 15 divide 11947210?
False
Is 203324 a multiple of 175?
False
Is 16 a factor of 365439?
False
Is 40 a factor of 63000?
True
Is 1992926 a multiple of 18?
False
Does 33 divide 188282?
False
Is 11 a factor of 3630308?
True
Is 2131370 a multiple of 8?
False
Is 50523 a multiple of 190?
False
Is 19 a factor of 204279?
False
Is 8007744 a multiple of 485?
False
Does 146 divide 77380?
True
Does 4 divide 4127900?
True
Is 27748 a multiple of 14?
True
Is 90 a factor of 15930?
True
Does 2 divide 3509?
False
Is 2173543 a multiple of 19?
True
Is 3 a factor of 177487?
False
Is 33 a factor of 4682568?
True
Is 2440 a multiple of 8?
True
Is 767176 a multiple of 17?
True
Is 5 a factor of 955878?
False
Is 24 a factor of 13204607?
False
Is 151515 a multiple of 117?
True
Is 31 a factor of 302312?
True
Does 21 divide 774123?
True
Is 24 a factor of 1286461?
False
Is 957120 a multiple of 12?
True
Is 58740 a multiple of 30?
True
Is 9 a factor of 1680116?
False
Is 30 a factor of 298950?
True
Does 21 divide 6825?
True
Is 125 a factor of 255508?
False
Does 19 divide 8175800?
False
Is 1463079 a multiple of 201?
True
Is 12 a factor of 3304680?
True
Does 30 divide 145663?
False
Does 176 divide 4873919?
False
Is 7631 a multiple of 2?
False
Is 7 a factor of 126416?
False
Does 227 divide 30321?
False
Is 2185792 a multiple of 10?
False
Is 8108 a multiple of 21?
False
Is 40 a factor of 87200?
True
Is 116197 a multiple of 111?
False
Is 9244 a multiple of 29?
False
Does 52 divide 567060?
True
Does 14 divide 514108?
True
Does 38 divide 7339490?
False
Is 3 a factor of 121672?
False
Does 257 divide 3916738?
False
Does 13 divide 8697008?
False
Is 8 a factor of 787831?
False
Does 146 divide 63090?
False
Is 9 a factor of 2068506?
True
Does 37 divide 2125118?
False
Does 39 divide 4032990?
True
Does 482 divide 1552011?
False
Does 4 divide 833669?
False
Is 22 a factor of 44924?
True
Does 14 divide 18607124?
False
Is 105481 a multiple of 337?
True
Does 423 divide 225382?
False
Does 49 divide 110691?
True
Is 1073009 a multiple of 25?
False
Does 8 divide 27770?
False
Is 593676 a multiple of 69?
True
Is 39067 a multiple of 67?
False
Is 332 a factor of 3064837?
False
Is 845 a factor of 536895?
False
Is 43181 a multiple of 30?
False
Does 36 divide 286790?
False
Does 9 divide 1763531?
False
Is 1089834 a multiple of 57?
False
Is 1048 a factor of 2994120?
False
Does 129 divide 71019?
False
Is 21 a factor of 5442553?
False
Is 290260 a multiple of 6?
False
Does 238 divide 3122560?
True
Is 2 a factor of 468738?
True
Is 3532660 a multiple of 1021?
True
Is 8 a factor of 125912?
True
Does 164 divide 373592?
True
Is 11820 a multiple of 30?
True
Does 17 divide 1345346?
True
Does 818 divide 6706104?
False
Is 179 a factor of 1861600?
True
Is 13 a factor of 4892294?
False
Is 9 a factor of 427212?
True
Is 420 a factor of 149445?
False
Is 39818 a multiple of 86?
True
Does 27 divide 1748495?
False
Is 6848 a multiple of 4?
True
Is 11 a factor of 264828?
False
Does 106 divide 411598?
True
Is 445718 a multiple of 6?
False
Is 1049200 a multiple of 20?
True
Is 28 a factor of 1137528?
True
Does 68 divide 2761551?
False
Does 52 divide 19674?
False
Does 65 divide 149209?
False
Does 53 divide 69288?
False
Does 58 divide 2229230?
True
Does 671 divide 7817498?
False
Is 8 a factor of 6239163?
False
Is 1795002 a multiple of 175?
False
Is 9933308 a multiple of 77?
True
Does 10 divide 27356?
False
Does 808 divide 675488?
True
Is 637 a factor of 97461?
True
Is 9642 a multiple of 117?
False
Is 68671 a multiple of 40?
False
Does 429 divide 940673?
False
Does 10 divide 336926?
False
Is 628096 a multiple of 32?
True
Is 15048956 a multiple of 13?
True
Does 129 divide 2757891?
True
Does 32 divide 371150?
False
Does 16 divide 4063576?
False
Is 16 a factor of 78486?
False
Does 33 divide 7941318?
True
Does 19 divide 626506?
True
Is 129 a factor of 4502904?
False
Is 265 a factor of 363580?
True
Is 143 a factor of 540540?
True
Does 19 divide 15179105?
False
Is 597 a factor of 3701997?
True
Is 28 a factor of 1532403?
False
Does 208 divide 27664?
True
Is 1944288 a multiple of 774?
True
Is 72 a factor of 64080?
True
Is 433 a factor of 1256566?
True
Is 662220 a multiple of 117?
True
Is 1188216 a multiple of 128?
False
Is 43 a factor of 45328?
False
Does 67 divide 8755292?
True
Is 766834 a multiple of 12?
False
Is 59088 a multiple of 207?
False
Is 63882 a multiple of 19?
False
Does 850 divide 868968?
False
Does 544 divide 5341043?
False
Is 766301 a multiple of 18?
False
Is 1663354 a multiple of 98?
True
Is 2014389 a multiple of 192?
False
Is 11 a factor of 98131?
True
Is 72640 a multiple of 160?
True
Is 157797 a multiple of 120?
False
Is 40 a factor of 467323?
False
Is 2 a factor of 137316?
True
Is 361395 a multiple of 15?
True
Does 6 divide 102478?
False
Is 7 a factor of 516957?
True
Is 18 a factor of 712134?
True
Does 5 divide 111222?
False
Is 18 a factor of 123498?
True
Is 589085 a multiple of 63?
False
Is 4 a factor of 49444?
True
Is 339199 a multiple of 5?
False
Is 145 a factor of 49010?
True
Is 880674 a multiple of 37?
True
Is 627 a factor of 45144?
True
Is 32 a factor of 283840?
True
Is 105798 a multiple of 33?
True
Is 2301894 a multiple of 42?
True
Is 1034312 a multiple of 8?
True
Does 5 divide 4157414?
False
Does 122 